{"id":71,"date":"2024-10-23T20:50:52","date_gmt":"2024-10-23T20:50:52","guid":{"rendered":"https:\/\/djkosmic.no\/index.php\/about-us\/"},"modified":"2024-10-25T16:48:59","modified_gmt":"2024-10-25T16:48:59","slug":"about-us","status":"publish","type":"page","link":"https:\/\/djkosmic.no\/index.php\/about-us\/","title":{"rendered":"Om Dj Kosmic"},"content":{"rendered":"\t\t<div data-elementor-type=\"wp-page\" data-elementor-id=\"71\" class=\"elementor elementor-71\" data-elementor-post-type=\"page\">\n\t\t\t\t\t\t<section class=\"elementor-section elementor-top-section elementor-element elementor-element-57d51811 elementor-section-boxed elementor-section-height-default elementor-section-height-default\" data-id=\"57d51811\" data-element_type=\"section\" data-e-type=\"section\" data-settings=\"{&quot;background_background&quot;:&quot;classic&quot;}\">\n\t\t\t\t\t\t\t<div class=\"elementor-background-overlay\"><\/div>\n\t\t\t\t\t\t\t<div class=\"elementor-container elementor-column-gap-default\">\n\t\t\t\t\t<div class=\"elementor-column elementor-col-100 elementor-top-column elementor-element elementor-element-512beb91\" data-id=\"512beb91\" data-element_type=\"column\" data-e-type=\"column\">\n\t\t\t<div class=\"elementor-widget-wrap elementor-element-populated\">\n\t\t\t\t\t\t<div class=\"elementor-element elementor-element-fa9a035 elementor-widget elementor-widget-heading\" data-id=\"fa9a035\" data-element_type=\"widget\" data-e-type=\"widget\" data-widget_type=\"heading.default\">\n\t\t\t\t<div class=\"elementor-widget-container\">\n\t\t\t\t\t<h2 class=\"elementor-heading-title elementor-size-default\">dJ Kosmic<\/h2>\t\t\t\t<\/div>\n\t\t\t\t<\/div>\n\t\t\t\t<div class=\"elementor-element elementor-element-51b5affb elementor-widget elementor-widget-heading\" data-id=\"51b5affb\" data-element_type=\"widget\" data-e-type=\"widget\" data-widget_type=\"heading.default\">\n\t\t\t\t<div class=\"elementor-widget-container\">\n\t\t\t\t\t<div class=\"elementor-heading-title elementor-size-default\">Spiller musikk som dere vil h\u00f8re p\u00e5<\/div>\t\t\t\t<\/div>\n\t\t\t\t<\/div>\n\t\t\t\t\t<\/div>\n\t\t<\/div>\n\t\t\t\t\t<\/div>\n\t\t<\/section>\n\t\t<div class=\"elementor-element elementor-element-a9ba3b8 e-flex e-con-boxed e-con e-parent\" data-id=\"a9ba3b8\" data-element_type=\"container\" data-e-type=\"container\">\n\t\t\t\t\t<div class=\"e-con-inner\">\n\t\t\t\t<div class=\"elementor-element elementor-element-5559985 elementor-headline--style-highlight elementor-widget elementor-widget-animated-headline\" data-id=\"5559985\" data-element_type=\"widget\" data-e-type=\"widget\" data-settings=\"{&quot;highlighted_text&quot;:&quot;musikk\\u00f8nsker i fokus&quot;,&quot;headline_style&quot;:&quot;highlight&quot;,&quot;marker&quot;:&quot;circle&quot;,&quot;loop&quot;:&quot;yes&quot;,&quot;highlight_animation_duration&quot;:1200,&quot;highlight_iteration_delay&quot;:8000}\" data-widget_type=\"animated-headline.default\">\n\t\t\t\t<div class=\"elementor-widget-container\">\n\t\t\t\t\t\t\t<h3 class=\"elementor-headline\">\n\t\t\t\t\t<span class=\"elementor-headline-plain-text elementor-headline-text-wrapper\">Vi setter dine <\/span>\n\t\t\t\t<span class=\"elementor-headline-dynamic-wrapper elementor-headline-text-wrapper\">\n\t\t\t\t\t<span class=\"elementor-headline-dynamic-text elementor-headline-text-active\">musikk\u00f8nsker i fokus<\/span>\n\t\t\t\t<\/span>\n\t\t\t\t<\/h3>\n\t\t\t\t\t\t<\/div>\n\t\t\t\t<\/div>\n\t\t\t\t\t<\/div>\n\t\t\t\t<\/div>\n\t\t\t\t<section class=\"elementor-section elementor-top-section elementor-element elementor-element-7f896303 elementor-section-boxed elementor-section-height-default elementor-section-height-default\" data-id=\"7f896303\" data-element_type=\"section\" data-e-type=\"section\" data-settings=\"{&quot;background_background&quot;:&quot;classic&quot;}\">\n\t\t\t\t\t\t\t<div class=\"elementor-background-overlay\"><\/div>\n\t\t\t\t\t\t\t<div class=\"elementor-container elementor-column-gap-default\">\n\t\t\t\t\t<div class=\"elementor-column elementor-col-100 elementor-top-column elementor-element elementor-element-44282fd8\" data-id=\"44282fd8\" data-element_type=\"column\" data-e-type=\"column\">\n\t\t\t<div class=\"elementor-widget-wrap elementor-element-populated\">\n\t\t\t\t\t\t<section class=\"elementor-section elementor-inner-section elementor-element elementor-element-20b5bcca elementor-section-boxed elementor-section-height-default elementor-section-height-default\" data-id=\"20b5bcca\" data-element_type=\"section\" data-e-type=\"section\">\n\t\t\t\t\t\t<div class=\"elementor-container elementor-column-gap-default\">\n\t\t\t\t\t<div class=\"elementor-column elementor-col-50 elementor-inner-column elementor-element elementor-element-689a0cf\" data-id=\"689a0cf\" data-element_type=\"column\" data-e-type=\"column\">\n\t\t\t<div class=\"elementor-widget-wrap elementor-element-populated\">\n\t\t\t\t\t\t<div class=\"elementor-element elementor-element-4f5e959 elementor-widget elementor-widget-heading\" data-id=\"4f5e959\" data-element_type=\"widget\" data-e-type=\"widget\" data-widget_type=\"heading.default\">\n\t\t\t\t<div class=\"elementor-widget-container\">\n\t\t\t\t\t<h2 class=\"elementor-heading-title elementor-size-default\">Vi vet hva som skal til for \u00e5 skape den perfekte stemningen til ditt arrangement\u2026<\/h2>\t\t\t\t<\/div>\n\t\t\t\t<\/div>\n\t\t\t\t<div class=\"elementor-element elementor-element-6b63449e elementor-widget elementor-widget-text-editor\" data-id=\"6b63449e\" data-element_type=\"widget\" data-e-type=\"widget\" data-widget_type=\"text-editor.default\">\n\t\t\t\t<div class=\"elementor-widget-container\">\n\t\t\t\t\t\t\t\t\t<p class=\"p1\">Riktig musikk kan v\u00e6re avgj\u00f8rende for \u00e5 skape den perfekte stemningen til enhver fest. Enten det er en rolig bakgrunn til middagen eller energiske beats som fyller dansegulvet, setter musikken tonen for hele kvelden.<\/p><p class=\"p1\">Vi forst\u00e5r hvor viktig det er \u00e5 treffe den rette balansen og s\u00f8rge for at musikken matcher anledningen og gjestenes forventninger. Med v\u00e5r erfaring og forst\u00e5else for ulike musikkstiler, s\u00f8rger vi for at festen blir uforglemmelig<\/p>\t\t\t\t\t\t\t\t<\/div>\n\t\t\t\t<\/div>\n\t\t\t\t\t<\/div>\n\t\t<\/div>\n\t\t\t\t<div class=\"elementor-column elementor-col-50 elementor-inner-column elementor-element elementor-element-23f8827a\" data-id=\"23f8827a\" data-element_type=\"column\" data-e-type=\"column\">\n\t\t\t<div class=\"elementor-widget-wrap elementor-element-populated\">\n\t\t\t\t\t\t<div class=\"elementor-element elementor-element-490c1796 elementor-widget elementor-widget-image\" data-id=\"490c1796\" data-element_type=\"widget\" data-e-type=\"widget\" data-widget_type=\"image.default\">\n\t\t\t\t<div class=\"elementor-widget-container\">\n\t\t\t\t\t\t\t\t\t\t\t\t\t\t\t<img fetchpriority=\"high\" decoding=\"async\" width=\"1024\" height=\"1024\" src=\"https:\/\/djkosmic.no\/wp-content\/uploads\/2024\/10\/loungebum_a_photo_of_people_dancing_in_event_-v_6.1_8e67a1a9-a044-4e97-b342-036f866e931e_0.webp\" class=\"attachment-full size-full wp-image-325\" alt=\"A Photo Of People Dancing I\" srcset=\"https:\/\/djkosmic.no\/wp-content\/uploads\/2024\/10\/loungebum_a_photo_of_people_dancing_in_event_-v_6.1_8e67a1a9-a044-4e97-b342-036f866e931e_0.webp 1024w, https:\/\/djkosmic.no\/wp-content\/uploads\/2024\/10\/loungebum_a_photo_of_people_dancing_in_event_-v_6.1_8e67a1a9-a044-4e97-b342-036f866e931e_0-300x300.webp 300w, https:\/\/djkosmic.no\/wp-content\/uploads\/2024\/10\/loungebum_a_photo_of_people_dancing_in_event_-v_6.1_8e67a1a9-a044-4e97-b342-036f866e931e_0-150x150.webp 150w, https:\/\/djkosmic.no\/wp-content\/uploads\/2024\/10\/loungebum_a_photo_of_people_dancing_in_event_-v_6.1_8e67a1a9-a044-4e97-b342-036f866e931e_0-768x768.webp 768w\" sizes=\"(max-width: 1024px) 100vw, 1024px\" \/>\t\t\t\t\t\t\t\t\t\t\t\t\t\t\t<\/div>\n\t\t\t\t<\/div>\n\t\t\t\t\t<\/div>\n\t\t<\/div>\n\t\t\t\t\t<\/div>\n\t\t<\/section>\n\t\t\t\t\t<\/div>\n\t\t<\/div>\n\t\t\t\t\t<\/div>\n\t\t<\/section>\n\t\t\t\t<\/div>\n\t\t","protected":false},"excerpt":{"rendered":"<p>dJ Kosmic Spiller musikk som dere vil h\u00f8re p\u00e5 Vi setter dine musikk\u00f8nsker i fokus Vi vet hva som skal til for \u00e5 skape den perfekte stemningen til ditt arrangement\u2026 Riktig musikk kan v\u00e6re avgj\u00f8rende for \u00e5 skape den perfekte stemningen til enhver fest. Enten det er en rolig bakgrunn til middagen eller energiske beats [&hellip;]<\/p>\n","protected":false},"author":1,"featured_media":0,"parent":0,"menu_order":0,"comment_status":"closed","ping_status":"closed","template":"elementor_header_footer","meta":{"slim_seo":{"title":"Om Dj Kosmic - DJ Kosmic","description":"dJ Kosmic Spiller musikk som dere vil h\u00f8re p\u00e5 Vi setter dine musikk\u00f8nsker i fokus Vi vet hva som skal til for \u00e5 skape den perfekte stemningen til ditt arrangeme"},"footnotes":""},"class_list":["post-71","page","type-page","status-publish","hentry"],"_links":{"self":[{"href":"https:\/\/djkosmic.no\/index.php\/wp-json\/wp\/v2\/pages\/71","targetHints":{"allow":["GET"]}}],"collection":[{"href":"https:\/\/djkosmic.no\/index.php\/wp-json\/wp\/v2\/pages"}],"about":[{"href":"https:\/\/djkosmic.no\/index.php\/wp-json\/wp\/v2\/types\/page"}],"author":[{"embeddable":true,"href":"https:\/\/djkosmic.no\/index.php\/wp-json\/wp\/v2\/users\/1"}],"replies":[{"embeddable":true,"href":"https:\/\/djkosmic.no\/index.php\/wp-json\/wp\/v2\/comments?post=71"}],"version-history":[{"count":14,"href":"https:\/\/djkosmic.no\/index.php\/wp-json\/wp\/v2\/pages\/71\/revisions"}],"predecessor-version":[{"id":400,"href":"https:\/\/djkosmic.no\/index.php\/wp-json\/wp\/v2\/pages\/71\/revisions\/400"}],"wp:attachment":[{"href":"https:\/\/djkosmic.no\/index.php\/wp-json\/wp\/v2\/media?parent=71"}],"curies":[{"name":"wp","href":"https:\/\/api.w.org\/{rel}","templated":true}]}}